ppose -956 = 17*d - y*d + 4*z, -d + 219 = -5*z. What is the hundreds digit of d?
2
Let m be 3 - 15/6*(-4)/(-10). Suppose -m*n - v + 163 = 0, -4*n - n + 5*v = -385. What is the units digit of n?
0
Let a(f) = -9 + 104*f + 3 + 3 - 14. What is the hundreds digit of a(2)?
1
What is the tens digit of 8 - (-203 + 4)*2?
0
Let r(d) = -2*d**3 - 2*d**2 + 1. Let y be r(-2). Suppose 3*a - y*a + 396 = 0. What is the tens digit of a?
6
Let u(g) = 3*g**2 - 2*g - 2 + 0*g - g**3 + 3*g**3. Let n = 4 + -2. What is the tens digit of u(n)?
2
Suppose -6*m - 9 = -9*m. Suppose 5*i + 243 = -0*g + m*g, -2*g = -5*i - 157. What is the units digit of g?
6
Suppose 6*n = 2*n - 4. Let a(o) = -16*o**3 - 2*o**2 - 2*o - 1. What is the units digit of a(n)?
5
Let a(u) = 3*u**2 + 3*u + 354. What is the hundreds digit of a(0)?
3
Suppose -4*z + 3*x = -18404, 5*z + 4*x - 23040 = -x. What is the hundreds digit of z?
6
Suppose j = -0*j + 116. Suppose -2*r + j = -2*i, -r - 5*i = 3*r - 214. What is the tens digit of r?
5
Suppose 4*n = -j + 387, 17 = 4*n + 3*j - 376. Let l be (-12)/16*-1*n. Suppose -3*w = -w - l. What is the tens digit of w?
3
Suppose 56 = -2*i + 106. Suppose t - 53 = i. What is the tens digit of t?
7
Let y = 9 - 14. Let p be (-1 - -2)/(y/(-380)). Suppose 4*j + 5 = -3*g + p, 57 = 3*j + 3*g. What is the units digit of j?
4
Suppose 0*l + 1859 = 5*z - 4*l, -4 = -l. What is the hundreds digit of z?
3
Suppose 0 = -2*y - 4*g + 3217 - 731, 0 = -2*y - g + 2495. What is the thousands digit of y?
1
Let n be (-21378)/(-21)*(-2)/(-4). Suppose -n = -5*j - 89. What is the units digit of j?
4
Suppose 4*b + 0*r - r - 32 = 0, -4*r + 24 = 3*b. Suppose -b*m + 777 = -m. What is the hundreds digit of m?
1
Let d = -4 + 6. Suppose 3*q = -0*r + r - d, 0 = -2*q + 2. Let m(x) = 3*x**2 - 6*x + 4. What is the units digit of m(r)?
9
Let b be (-3)/15*75/(-3). Suppose -18*u + 3185 = -b*u. What is the tens digit of u?
4
Let x(f) = -665*f**3 + f**2 + 6*f + 5. What is the tens digit of x(-1)?
6
Let b(s) = 4*s**2 - 11*s - 26. Let a be b(-5). Suppose -g + a = -2*y + 4*y, g - 124 = 3*y. What is the tens digit of g?
2
Let l(t) = -t**3 - 24*t**2 - 38*t - 55. Let m = 115 - 138. What is the units digit of l(m)?
0
Suppose -v + 2*q = -203, -v + 3*q + 204 = -0*v. What is the units digit of v + 0*(-2)/4?
1
Suppose 0 = -2*b + 21*b - 6935. What is the tens digit of b?
6
Let w(m) = -6*m + 5. Suppose 0 = 8*s + 16. What is the units digit of w(s)?
7
Let i be ((-22)/(-4))/(9/18). Let b = i + -9. What is the tens digit of (3 - b/(-5))*5?
1
Let a(m) = -19*m**2 + 7*m + 2. Let t(x) = -9*x**2 + 4*x + 1. Let s(h) = -3*a(h) + 5*t(h). What is the tens digit of s(-2)?
4
Let g be (1/(-3))/((-3)/(-9)). Let b be (1/4)/((-2)/(-16)). Let h = g + b. What is the units digit of h?
1
Let i = -44 + 49. Suppose v + c = 4*v - 448, -5 = i*c. What is the hundreds digit of v?
1
Let t(i) = 5*i + 93*i**2 + 90*i**2 - 181*i**2 + 10. What is the units digit of t(-6)?
2
Let m = -467 - -723. Suppose -2*o = -m - 112. What is the tens digit of o?
8
Let u = -995 - -1438. Suppose -u + 1523 = 8*v. What is the units digit of v?
5
Suppose 9588 = 38*v - 36*v. What is the thousands digit of v?
4
Let l = -946 + 952. Let p = -118 - -254. What is the tens digit of p/6 + (-4)/l?
2
Let p = -46 - -61. Suppose 0*t = -t + p. What is the tens digit of t?
1
Let w = -35 - -270. What is the units digit of w?
5
Suppose 1475 + 3125 = 4*w. What is the hundreds digit of w?
1
Suppose 2*d + 6*x - 2 = 2*x, -x + 11 = -3*d. Let a be (-5)/(d + (-8)/(-4)). What is the units digit of (-2 - -1)/(a/(-210))?
2
Let k(o) be the first derivative of 4*o**3/3 - 4*o**2 - 31*o + 32. What is the units digit of k(-6)?
1
What is the tens digit of (-147)/3*(182/7)/(-2)?
3
Let w = 74 + -60. Suppose w - 3 = m. What is the units digit of m?
1
Let i(o) = -2*o**2 - 8*o - 6. Suppose j - 5*j + g = 22, 2*j - 3*g + 16 = 0. Let x be i(j). Let t = 2 - x. What is the units digit of t?
8
Let j = 423 + -419. Let r = -71 + 47. What is the tens digit of -2*j/16*r?
1
Let n(w) = -w - 13. Let y be n(-11). Let h be (-6)/2 - 26/y. Suppose s - h = -0*s. What is the units digit of s?
0
Let u(w) = 2*w - 2. Suppose 0*m = 3*m + 78. Let s be (-3 - m/2)/2. What is the units digit of u(s)?
8
Suppose -491 = -3*h + 4*u, 162 + 494 = 4*h - 4*u. Suppose -r + h = 4*r. What is the units digit of r?
3
Let n(d) = -d**3 - 14*d**2 - 13*d + 19. Let k be n(-13). Suppose -2*l + v + k = -3, -46 = -2*l - 5*v. What is the tens digit of l?
1
Let z(f) = f**2 - 3*f - 308. What is the thousands digit of z(-38)?
1
Let k(t) = -3*t**2 + 21*t - 11. Let r be k(8). Let d = 85 - r. Suppose 6*v - 2*v - d = 0. What is the units digit of v?
0
Suppose -376 - 511 = -z - 4*l, 0 = -3*z + 4*l + 2597. What is the hundreds digit of z?
8
Let b(o) = -24 + 7 - o**2 + 14 - 4*o. Let u be b(-3). Suppose -3*g + 5*h + 78 + 13 = u, -h - 137 = -5*g. What is the tens digit of g?
2
What is the hundreds digit of 2121/15 + 20/(-50)?
1
Let x(l) be the second derivative of 59*l**8/6720 - l**5/120 - 3*l**4/4 + 9*l. Let c(w) be the third derivative of x(w). What is the units digit of c(1)?
8
Suppose 5*j = j + 4*u + 2204, -571 = -j - 4*u. What is the tens digit of j?
5
What is the hundreds digit of (-1452)/(-10)*(-145)/(-58)?
3
Let t = 686 - -177. What is the tens digit of t?
6
Suppose -4*a + 16908 = 2*a. What is the tens digit of a?
1
Let i(b) = b**3 - 9*b**2 + 10*b - 14. Let t be i(8). Suppose -t*f = -59 - 167. What is the tens digit of f?
1
Let d = 496 + 1020. What is the tens digit of d?
1
Let a(d) = d**3 - 6*d**2 + 9*d. Let l be a(4). Let p be (-2)/l*(3 + -61). Suppose p = g - 1. What is the units digit of g?
0
Let i(v) = -34*v - 79. What is the units digit of i(-18)?
3
Let h(q) = 2*q**2 + 17*q + 11. Let o be h(-8). Suppose -2*v = -5*g - 19, 0 = v - 2*g - o*g - 12. What is the units digit of v?
7
What is the thousands digit of (30/25)/(22/81235)?
4
Let n = 26 - 25. What is the units digit of (-25 + n)/(12/(-42))?
4
Let y = 33 + -42. What is the hundreds digit of 152 - y - (-1 - -5)?
1
Let a = 7 + -7. Suppose 0 = -z + 4*r + 81, -2*z - z + 3*r + 216 = a. Let i = -32 + z. What is the tens digit of i?
3
Let b be (2 - (-7)/(-2))/((-6)/8). Suppose -186 = -4*o - b*l, -5*o + 4*o + l = -51. What is the tens digit of o?
4
Let i = 41 - 74. What is the units digit of (-34)/8*(3 - i)/(-3)?
1
Suppose -h - 8 = h. Let k(u) = 10*u + 94. Let t be k(-7). Let n = t - h. What is the units digit of n?
8
Let i = 12 - 42. Let l be -1 + 1 + 50 + 2. Let y = l + i. What is the tens digit of y?
2
Suppose 12 = 5*w - 38. Suppose w = b + b. Suppose -2*l + 2*k = -28, b*k + 2 = -5*l + 52. What is the tens digit of l?
1
Suppose 0 = -w + 2*w - 23. Let c = -23 + w. Suppose 2*o = 5*n - 247, -2*n - n + 2*o + 149 = c. What is the tens digit of n?
4
Let n be 4/(-3 - -4) + 16. Suppose 0 = -o - o + n. What is the units digit of o?
0
Suppose l - 120 = 463. What is the hundreds digit of l?
5
What is the units digit of 84/24*(-2)/1*-51?
7
Suppose -w = -2*w + 367. Suppose 5*n + w = 4*q, 4*q - 4*n - 156 = 208. What is the tens digit of q?
8
Let y = 780 + -352. What is the units digit of y?
8
Suppose -9*s + 18230 = -5638. What is the thousands digit of s?
2
Suppose -26*y + 23*y + 5*b + 2151 = 0, -2*y + 1409 = 5*b. What is the tens digit of y?
1
Let c be ((-3)/4)/((42/24)/7). Let w(l) be the first derivative of l**4/4 + l**3 - 3*l**2/2 - 4*l + 2. What is the units digit of w(c)?
5
Let q(o) = 82*o + 1. Let v(a) = -245*a - 2. Let f(i) = 8*q(i) + 3*v(i). Let p be f(-1). Let z = p - 56. What is the tens digit of z?
2
Let p(i) = 10*i + 5. Let w = 12 + 0. Suppose 4*d - 7*d + w = 0. What is the tens digit of p(d)?
4
Let c(h) = 6*h - 8. Let l be c(3). Let d(n) be the third derivative of n**5/60 - n**4/8 - n**3/2 - 6*n**2. What is the units digit of d(l)?
7
Let d(z) = 7*z - 21. Let i be d(4). What is the units digit of (-2)/i - ((-531)/21 - 3)?
8
Let r = -6 - -28. Suppose x + 2*x - 15 = 0, -t + r = x. Suppose -2*y + 4*w = -49 - t, 5*y - 3*w = 130. What is the units digit of y?
3
Suppose 5*q + 47 - 17 = 2*w, 4*w - 40 = 5*q. Suppose 4*n - 29 + w = 0. Let f(d) = -d**3 + 6*d**2 + 6*d + 5. What is the tens digit of f(n)?
4
Suppose -9*r + 4*r - 2*s - 46 = 0, -5*s = r. Let f = r - -13. Suppose -2*o + 45 = 3*a, 45 = f*a - 2*o + o. What is